7
Let n(i) = 19*i**2 + 15. Suppose 16*p = -16*p + 128. Let j be n(p). What is the greatest common divisor of 22 and j?
11
Let y = -5930 + 6150. Calculate the highest common factor of y and 1408.
44
Suppose 109*f - 1778 = -143. Calculate the highest common divisor of f and 170.
5
Let z = 1 + 14. Let o be (0 + 18)*10/z. Let q = -11027 + 11030. Calculate the highest common divisor of o and q.
3
Suppose 6*y - 20 = y, -s - 12 = -3*y. Suppose 4*z - 20 = -4*r, 3*r + z + 2 - 17 = s. Suppose -2*j - 5*j = -70. Calculate the highest common factor of j and r.
5
Let z be (-15 + 11)/(8/(-318)). Calculate the greatest common factor of 424 and z.
53
Suppose 0 = 6*h - 1849 - 1847. Calculate the highest common factor of h and 1078.
154
Let b(f) = 3*f**3 - 9*f**2 + 4*f - 11. Let t be b(4). Suppose -21 = -2*r + t. What is the greatest common factor of r and 333?
37
Suppose 0 = -34*s + 104*s + 38*s - 4320. What is the greatest common factor of 1640 and s?
40
Let y(v) = 2*v**3 - 20*v**2 - 3*v - 21. Let a be y(9). Let m = -129 - a. What is the greatest common factor of 27 and m?
27
Let p(m) be the third derivative of 67*m**4/24 + 19*m**3/2 + 240*m**2. Let t be p(5). Calculate the highest common factor of 147 and t.
49
Let j(p) = 4*p**2 + 38*p - 77. Let o be j(11). Calculate the highest common divisor of 660 and o.
165
Let s(f) = 604*f + 695. Let z be s(4). What is the highest common divisor of 1098 and z?
183
Let v(q) be the third derivative of q**6/60 + 19*q**5/60 + 7*q**4/8 + 20*q**3/3 - 298*q**2. Let z be v(-8). Calculate the highest common factor of 1472 and z.
64
Let s be (29 - 27) + (-5128)/(-2). Let w = s - 1531. What is the highest common factor of 45 and w?
45
Suppose 7*c - 1365 = 2*c. Let p be (8/12)/(9/((-6588)/(-8))). Suppose 0 = 4*d - 4*j - 136, -261 = -5*d - j - p. What is the greatest common divisor of d and c?
39
Suppose 165 = -8*w + 13*w. Let j(o) = -o**3 + 8*o**2 + 2*o - 14. Let f be j(8). Let r be 130/f - (-8 - -7). What is the greatest common divisor of r and w?
33
Suppose 12 = -10*b + 22. Let i be ((b - 2)*-3)/3. Suppose -5 + 11 = 3*t. What is the highest common factor of t and i?
1
Suppose -63*n + t + 346 = -59*n, 4*t - 24 = 0. What is the greatest common divisor of 1912 and n?
8
Suppose 58*q - 2160 = 4*q. What is the highest common divisor of 14760 and q?
40
Suppose -10*d - 8953 + 73801 = 11*d. Calculate the highest common divisor of 48 and d.
16
Let m = 31659 + -25850. What is the greatest common factor of 1099 and m?
157
Let x = -155 + 251. Let h(s) = s**3 - 28*s**2 + 200*s - 15. Let y be h(11). Calculate the greatest common divisor of y and x.
32
Suppose -3*n = 6, 5*c - 21*n - 458 = -22*n. Calculate the greatest common factor of 299 and c.
23
Let y = 20951 + -8673. What is the greatest common factor of y and 28?
14
Let m be (-4 - 12)*1*-1. Let b = -24727 - -25223. Calculate the greatest common divisor of m and b.
16
Suppose 5*q + 0*q = -4*m + 116, -2*m + 56 = 2*q. Suppose 29*c - m*c - 1625 = 0. What is the greatest common factor of c and 65?
65
Let o = -10 - -11. Let n = 13 + o. Let c(f) = -18*f - 22. Let r be c(-2). Calculate the greatest common divisor of r and n.
14
Suppose 272 = -65*g + 1781 + 2066. Calculate the greatest common factor of g and 6655.
55
Let i(m) = m**3 + 24*m**2 - 25*m - 3. Let f be i(-25). Let l be (24/(-16))/(-1*f/(-24)). What is the highest common factor of 66 and l?
6
Let r(f) = -19*f**3 - 2*f**2 - 8*f + 4. Let x be r(-4). Let y = 727 - 717. Calculate the greatest common factor of x and y.
10
Let g = 41 + -39. Suppose g*t - 6 = 4*z + 4*t, 4*t + 12 = 0. Suppose 61*u - 58*u - 66 = z. Calculate the greatest common factor of 2 and u.
2
Let k be (-4 + 6)/((-4)/(-18)). Let o be (-24 - (5 + -8))*1. Let f = 30 + o. What is the highest common divisor of f and k?
9
Suppose 31*f + 375 = 36*f. Let n be ((16 - 5) + -9)*f/2. Calculate the greatest common factor of 50 and n.
25
Let h be 4/(-2)*(7 - 8). Suppose -5*q + 0*m - 2*m = -52, -2*q + h*m + 18 = 0. Suppose -314 = -7*t + 316. What is the greatest common factor of t and q?
10
Let x be ((-3)/(-1))/(-18) + (-393)/18. Let w = -18 - x. Suppose 20 = -w*j + 8*j. What is the greatest common factor of j and 10?
5
Suppose 192 = 16*s - 80. Let a be (-4 + 140)*(1 + 1). What is the greatest common factor of s and a?
17
Let z = 2204 + -2156. What is the highest common factor of z and 72?
24
Let z = 500 + -492. Let g be 4/18 + (-8330)/(-18). Suppose 5*y + 143 - g = 0. What is the greatest common factor of y and z?
8
Suppose 8*o + 58099 = 151411. What is the greatest common factor of o and 12?
12
Let g(o) = 11*o + 106. Let t be g(-8). Suppose 2*m - t - 16 = 0. Let n be ((-8)/12)/(4/(-102)). Calculate the greatest common factor of n and m.
17
Let t(v) = -5*v**3 + v. Let o be t(-1). Suppose 0 = o*l - 3*l - 27. Suppose 0 = -3*i - 6 + 15. Calculate the highest common divisor of l and i.
3
Let d = 146 - 140. Suppose 0 = d*v - 57 - 69. What is the highest common divisor of v and 7?
7
Let o = 4195 - 4175. What is the highest common divisor of 228 and o?
4
Let h(u) = 18*u + 72. Let y be h(0). Suppose 0 = y*s - 41*s - 620. What is the highest common factor of s and 115?
5
Suppose 120 = 4*m - o, -4*m + 120 = 4*o - 2*o. Suppose 4*g + 12 = 10*g. Let x be (-152)/(-24) - g/6. Calculate the highest common factor of x and m.
6
Let k = 7974 - 2681. Calculate the highest common divisor of 79 and k.
79
Let q be 195/(-10)*(4 - (2/6 - -5)). Calculate the highest common divisor of 4134 and q.
26
Suppose 392 = -5*h + 6*r + 425, 9 = -3*r. Let x = 3 + -2. What is the greatest common divisor of x and h?
1
Let r(l) = 13*l**3 - l**2 - 135*l + 1656. Let m be r(12). Calculate the highest common factor of m and 92.
92
Let q = -7814 - -8088. What is the highest common divisor of q and 4795?
137
Let i = 6527 + -5510. Calculate the greatest common divisor of 791 and i.
113
Suppose 1887*u - 1858*u - 1044 = 0. Let h be (-1)/3 - 55/(-3). What is the greatest common divisor of u and h?
18
Suppose 0*d = -d + 1, -3*r - 5 = 4*d. Let l be 1 - r - 1 - (8 - 37). What is the greatest common divisor of l and 4?
4
Let x = 376 - 376. Suppose 0 = -5*b - 2*d + 424, -2*b - 5*d + 178 = -x*d. What is the highest common divisor of 36 and b?
12
Let c = 145 - 96. Let q be ((-40)/(-180))/((-1)/9*-2). What is the highest common factor of c and q?
1
Suppose 4*x - 411 = 5*d + 1636, 3 = 3*d. Calculate the greatest common factor of x and 152.
19
Let r = 4079 + -4014. What is the highest common factor of r and 351?
13
Suppose -39*l + 37*l = -2. Let d(n) = 34*n + 16. Let k be d(l). Calculate the greatest common divisor of k and 10.
10
Let x be (363/(-4))/(7 - (-531)/(-72)). Suppose x = -r + 12*r. Let a = -265 - -507. What is the greatest common factor of r and a?
22
Suppose -131*v - 744 = -317*v. Suppose r + 31 = 4*f + 4*r, 2*r = -3*f + 22. What is the greatest common factor of f and v?
4
Suppose -9*m = -13*m + 180. Let t = m + -41. Suppose j = -l + t*l - 242, 0 = 3*l - 5*j - 238. Calculate the highest common divisor of 9 and l.
9
Let j be 309*(91/39 + (-3)/3). What is the greatest common divisor of 20 and j?
4
Suppose 931 + 1117 = 4*r. What is the greatest common factor of r and 5504?
128
Let h(v) = 6*v**2 + 171*v + 412. Let d be h(-26). Let b = 81 - 48. Calculate the greatest common divisor of d and b.
11
Let p(j) = j**3 - 20*j**2 + 101*j + 22. Let d be p(9). What is the greatest common factor of 105 and d?
5
Let l(r) = r**2 - 63*r + 803. Let n be l(46). Calculate the highest common divisor of n and 36330.
21
Suppose 2*w = -3*w + 15, -4*a = 3*w - 1417. Let k = 526 - a. What is the greatest common divisor of 58 and k?
58
Let u = -419 - -542. Let t = u - 51. What is the highest common factor of t and 36?
36
Suppose -l = -62*u + 61*u - 22, 2*u = 5*l - 110. What is the highest common factor of l and 825?
11
Suppose -83*q + 75577 = 6222 + 2457. What is the highest common factor of q and 620?
62
Let j be (-1 + (-9)/(-6))*1504/16. What is the highest common divisor of 752 and j?
47
Let w(b) = -3*b. Let h be w(-3). Let l = h + 3. Suppose -p + 12 = 4*r, 0 = 96*r - 101*r + 5. What is the highest common divisor of p and l?
4
Let b(h) = h**3 + 3*h**2 - 14*h + 36. Let j be b(3). Let k(d) = 28*d**2 - 4*d + 4. Let f be k(2). What is the greatest common factor of